f 9600559?
5
What is the tens digit of 858443?
4
What is the ten thousands digit of 6660557?
6
What is the hundred thousands digit of 416999?
4
What is the hundreds digit of 119605?
6
What is the units digit of 10128195?
5
What is the units digit of 352765?
5
What is the ten thousands digit of 7278788?
7
What is the units digit of 53687?
7
What is the hundred thousands digit of 767345?
7
What is the thousands digit of 899826?
9
What is the thousands digit of 322947?
2
What is the tens digit of 2914185?
8
What is the hundred thousands digit of 2622020?
6
What is the hundreds digit of 14994475?
4
What is the hundreds digit of 257988?
9
What is the tens digit of 85990?
9
What is the ten thousands digit of 150304?
5
What is the tens digit of 12600777?
7
What is the tens digit of 11554020?
2
What is the hundreds digit of 21076615?
6
What is the units digit of 28677334?
4
What is the thousands digit of 313811?
3
What is the units digit of 3404613?
3
What is the ten thousands digit of 308629?
0
What is the units digit of 541190?
0
What is the hundreds digit of 7455039?
0
What is the ten thousands digit of 489648?
8
What is the thousands digit of 4106583?
6
What is the thousands digit of 450689?
0
What is the hundreds digit of 27030337?
3
What is the hundred thousands digit of 2647392?
6
What is the ten thousands digit of 33658?
3
What is the ten thousands digit of 150820?
5
What is the thousands digit of 136326?
6
What is the hundreds digit of 1197824?
8
What is the thousands digit of 1227004?
7
What is the thousands digit of 47004?
7
What is the tens digit of 5077239?
3
What is the hundred thousands digit of 8233505?
2
What is the millions digit of 4586979?
4
What is the units digit of 670936?
6
What is the hundred thousands digit of 9295973?
2
What is the tens digit of 4352268?
6
What is the hundred thousands digit of 7255467?
2
What is the hundreds digit of 1288360?
3
What is the tens digit of 3949668?
6
What is the millions digit of 2999052?
2
What is the tens digit of 590548?
4
What is the hundred thousands digit of 678817?
6
What is the ten thousands digit of 123176?
2
What is the ten thousands digit of 241877?
4
What is the tens digit of 15260468?
6
What is the millions digit of 26341675?
6
What is the hundred thousands digit of 1611015?
6
What is the hundreds digit of 7567231?
2
What is the hundred thousands digit of 145668?
1
What is the units digit of 158864?
4
What is the ten thousands digit of 427099?
2
What is the ten thousands digit of 2805695?
0
What is the units digit of 650743?
3
What is the hundreds digit of 291699?
6
What is the units digit of 333736?
6
What is the units digit of 11673976?
6
What is the millions digit of 9813303?
9
What is the tens digit of 53157?
5
What is the ten thousands digit of 3304503?
0
What is the tens digit of 98683?
8
What is the thousands digit of 8265383?
5
What is the tens digit of 19634373?
7
What is the ten thousands digit of 504957?
0
What is the hundred thousands digit of 163022?
1
What is the ten thousands digit of 8946644?
4
What is the ten thousands digit of 371647?
7
What is the ten millions digit of 10040407?
1
What is the units digit of 867671?
1
What is the hundred thousands digit of 16355712?
3
What is the ten thousands digit of 140551?
4
What is the tens digit of 552989?
8
What is the thousands digit of 8492885?
2
What is the ten millions digit of 21120555?
2
What is the units digit of 347370?
0
What is the units digit of 28630201?
1
What is the units digit of 7672670?
0
What is the hundreds digit of 1389018?
0
What is the units digit of 3761900?
0
What is the ten thousands digit of 930805?
3
What is the tens digit of 3923113?
1
What is the ten thousands digit of 324710?
2
What is the tens digit of 1358166?
6
What is the hundred thousands digit of 12632489?
6
What is the tens digit of 2874540?
4
What is the thousands digit of 11478242?
8
What is the thousands digit of 22115323?
5
What is the tens digit of 2383774?
7
What is the tens digit of 2456045?
4
What is the hundreds digit of 577?
5
What is the hundred thousands digit of 1126823?
1
What is the thousands digit of 44323?
4
What is the ten thousands digit of 330291?
3
What is the thousands digit of 942950?
2
What is the millions digit of 17255258?
7
What is the units digit of 1626744?
4
What is the thousands digit of 569443?
9
What is the hundreds digit of 2305242?
2
What is the hundred thousands digit of 284016?
2
What is the ten thousands digit of 553744?
5
What is the units digit of 9908774?
4
What is the millions digit of 1267280?
1
What is the ten millions digit of 10826160?
1
What is the tens digit of 166820?
2
What is the tens digit of 852393?
9
What is the millions digit of 1564199?
1
What is the units digit of 228609?
9
What is the units digit of 15606595?
5
What is the units digit of 2138272?
2
What is the thousands digit of 168416?
8
What is the units digit of 632438?
8
What is the hundreds digit of 636644?
6
What is the hundred thousands digit of 540653?
5
What is the hundreds digit of 203043?
0
What is the hundreds digit of 37629998?
9
What is the hundred thousands digit of 8284438?
2
What is the thousands digit of 2708878?
8
What is the millions digit of 1024172?
1
What is the thousands digit of 2221759?
1
What is the hundred thousands digit of 706518?
7
What is the ten thousands digit of 3085597?
8
What is the ten thousands digit of 974026?
7
What is the tens digit of 3828674?
7
What is the units digit of 2724437?
7
What is the hundreds digit of 1446707?
7
What is the thousands digit of 24072054?
2
What is the units digit of 401855?
5
What is the hundred thousands digit of 198368?
1
What is the units digit of 2720428?
8
What is the tens digit of 403184?
8
What is the units digit of 4774348?
8
What is the ten thousands digit of 79983?
7
What is the thousands digit of 5476044?
6
What is the thousands digit of 1293449?
3
What is the units digit of 165303?
3
What is the hundred thousands digit of 254420?
2
What is the tens digit of 789361?
6
What is the units digit of 52101?
1
What is the hundreds digit of 334122?
1
What is the millions digit of 20437301?
0
What is the hundred thousands digit of 1236546?
2
What is the units digit of 4591034?
4
What is the hundred thousands digit of 341926?
3
What is the ten thousands digit of 315991?
1
What is the units digit of 315852?
2
What is the hundred thousands digit of 859459?
8
What is the thousands digit of 3390917?
0
What is the tens digit of 265826?
2
What is the thousands digit of 3696138?
6
What is the ten thousands digit of 1944550?
4
What is the hundreds digit of 16883605?
6
What is the thousands digit of 86551?
6
What is the tens digit of 1686185?
8
What is the hundred thousands digit of 1693692?
6
What is the units digit of 108580?
0
What is the hundred thousands digit of 311582?
3
What is the ten thousands digit of 392993?
9
What is the hundreds digit of 185420?
4
What is the hundreds digit of 383490?
4
What is the tens digit of 30716229?
2
What is the thousands digit of 144508?
4
What is the thousands digit of 35948230?
8
What is the ten thousands digit of 2396473?
9
What is the ten thousands digit of 141356?
4
What is the units digit of 2298007?
7
What is the units digit of 523156?
6
What is the ten thousands digit of 465519?
6
What is the ten thousands digit of 1188458?
8
What is the thousands digit of 2871084?
1
What is the ten thousands digit of 5298321?
9
What is the hundreds digit of 10478?
4
What is the thousands digit of 3299426?
9
What is the hundreds digit of 356234?
2
What is the tens digit of 2073285?
8
What is the millions digit of 3618925?
3
What is the tens digit of 526143?
4
What is the hundreds digit of 4500115?
1
What is the hundreds digit of 1330741?
7
What is the ten thousands digit of 11800314?
0
What is the ten thousands digit of 145430?
4
What is the hundreds digit of 1681980?
9
What is the hundreds digit of 3041424?
4
What is the units digit of 2424557?
7
What is the tens digit of 566262?
6
What is the millions digit of 1724570?
1
What is the hundreds digit of 530356?
3
What is the thousands digit of 112861?
2
What is the hundred thousands digit of 886052?
8
What is the thousands digit of 141070?
1
What is the thousands digit of 73566?
3
What 